 21*p - 18. Let d(t) = -5*i(t) + 4*x(t). Is d(15) a composite number?
False
Let f(a) be the second derivative of a**5/20 - a**4/2 + a**3/6 - 3*a**2/2 + 2*a. Is f(6) a prime number?
True
Let n = 72 + 87. Is n a composite number?
True
Suppose 841 = 5*l + 331. Is (20/(-12))/((-2)/l) composite?
True
Suppose 5*d = -15, 2*a + a = -d + 9. Let l be 26/a - 2/4. Suppose -o + 3*i = -10, 0*i + l = -3*i. Is o a composite number?
True
Let t = 2050 + -1455. Suppose 4*n - n - t = -4*o, -2*o - 3*n = -305. Is o a prime number?
False
Suppose -5*r - 4*w + 0*w = -30, -2*w = r - 12. Suppose 0 = 4*i - 8, r*i = 5*d - 6 - 25. Is d prime?
True
Suppose 2193 = 3*u - 3*m - 6117, -3*m + 8316 = 3*u. Is u a composite number?
True
Suppose -2*a = 5*c - 1624, 770 - 2059 = -4*c - 5*a. Is c composite?
True
Let k(s) = -s**3 + 15*s**2 + 9*s + 7. Is k(15) a composite number?
True
Let c = 1927 - 1062. Is c a prime number?
False
Is 4/(-3) - 10150/(-30) a prime number?
True
Let u(n) = -4*n + 8*n**2 - 3*n**2 + 3 + n. Is u(5) a prime number?
True
Suppose 3*a = 2*a + 15. Suppose 2*u = -u + a. Suppose -u*n + 37 + 38 = 0. Is n a prime number?
False
Is ((-94)/6 - -3)/(6/(-117)) composite?
True
Suppose q + 0*q = 5*k - 31, 5*k = -q + 19. Let j be 4/q*(13 + -1). Is 2/j + 189/4 a prime number?
True
Suppose 4*s + s + 10 = 0. Is (s/(-6))/(6/3654) prime?
False
Let z = 13 - 9. Suppose 16 = z*v - 8. Suppose -81 + v = -5*s. Is s a composite number?
True
Suppose h - 1 - 1 = 0, -3*p - 2*h + 2233 = 0. Is p composite?
False
Is (516/(-8))/(3/(-2)) composite?
False
Let s = -2 + 0. Let o = 21 + s. Is o composite?
False
Let h = 292 - 157. Let f(a) = 9*a - 5. Let z be f(7). Let d = h - z. Is d composite?
True
Suppose 1590 + 2033 = 3*t + 4*i, 0 = -3*t + i + 3598. Is t a composite number?
False
Let y = 37 + -52. Let u be 4*5/(y/(-12)). Is (1 - u)/((-3)/2) prime?
False
Is 134*(4 - (-10)/(-4)) composite?
True
Suppose 0*q = q - 789. Is q composite?
True
Let h = 5 - -27. Is (56/h)/((-2)/(-8)) a prime number?
True
Let h = -423 - -1960. Is h a composite number?
True
Suppose 0 + 6 = 3*x. Suppose 7*a = 2*a - 5*l + 115, x*l = a - 32. Is a composite?
True
Suppose 99 = 4*i - z, -113 - 6 = -4*i - 3*z. Let v = i - 12. Is v a composite number?
True
Let u(y) = 2*y**2 - 2*y - 7. Is u(-5) composite?
False
Let v be 9 + -7 - (0 - 2). Let w(g) be the third derivative of g**6/60 - g**5/12 - g**4/24 - g**3/6 + 2*g**2. Is w(v) prime?
True
Is (-2 - 1) + (-6)/9*-3333 prime?
False
Let t be (-2)/(6/33)*-1. Suppose -t - 11 = -b. Is b a prime number?
False
Let u = 5 + 0. Let q(o) = 3*o**2 - o - u + 4*o - o. Is q(-4) composite?
True
Is (-24104)/(-72) + (-4)/(-18) prime?
False
Suppose -v + 4 = -3. Suppose v*q - 3*q = 124. Is q a prime number?
True
Let v(j) = -j. Let a(p) = -52*p + 4. Let r(w) = -a(w) + 2*v(w). Is r(3) a prime number?
False
Suppose 5*p = 1941 - 36. Is p a prime number?
False
Is (4/(-6))/((-4)/354) a composite number?
False
Suppose -15 = -2*o - 3*o. Suppose 3*m + 2*m = -10, 2*k - 3*m - 4 = 0. Let p = k + o. Is p a composite number?
False
Suppose 0 = -3*c - 4*h - h + 13034, 5*c = 5*h + 21790. Is c composite?
True
Let d = -393 - 135. Is d/(-15) + (-1)/5 a prime number?
False
Is 568/12*(2 + 1) a prime number?
False
Let a = 26 + 20. Is a prime?
False
Let y(x) = -5*x**2 - 7*x + 7. Let q(w) = 4*w**2 + 6*w - 7. Let j(f) = -6*q(f) - 5*y(f). Suppose 2*m - 6 = m. Is j(m) a prime number?
True
Suppose x = n + 237, x = 2*n + 336 - 97. Is x prime?
False
Suppose r = 3*r - 14. Let g = 3 + r. Is g a composite number?
True
Let j(b) = 105*b + 8. Is j(3) composite?
True
Let d = -14 + 25. Suppose 2*v - 4*j = -9 - d, -25 = -v - 5*j. Suppose 4*q + q - 455 = v. Is q composite?
True
Let i be 5 + ((-4)/(-2))/(-2). Suppose -618 = -i*t + m, 4*t - 616 = 3*m - m. Is t composite?
True
Let g(v) = 2*v - 12. Let k be g(8). Suppose k*n = 2*b - 3*b + 45, 3*b = 2*n + 177. Is b a composite number?
True
Suppose 0 = -2*a - 3*p + 529, p + p = 3*a - 787. Is a a composite number?
False
Let p be 102/((-9)/(-6) + -1). Suppose 2*w + 2*w = p. Let m = -26 + w. Is m a prime number?
False
Suppose -5*h = -2*o - 3*h + 420, -5*o = 4*h - 1014. Is o a composite number?
True
Let q(h) = -11*h**3 + h**2 + 2*h + 1. Let g be q(-1). Suppose 6*r = g*r - 1965. Is r composite?
True
Let k(a) = 15*a**2 + 1 - 2*a**2 + 0*a**2. Is k(-2) composite?
False
Is ((-502)/(-4))/((-3)/(-6)) a composite number?
False
Let g be 112/3 - 4/(-6). Let z be (-2)/9 - g/(-9). Suppose -3*p = 2*k - 155, z*k + 383 - 143 = 4*p. Is p a prime number?
False
Suppose -z = -3*z + p + 446, -4*p = -3*z + 659. Suppose z = 3*h - 3*m, -m + 4*m = 6. Is h composite?
True
Let d(x) be the second derivative of 10*x**3/3 + 3*x**2 - 3*x. Is d(4) a composite number?
True
Suppose 0*n + 4 = -k - 2*n, 4*k - 4*n = 20. Suppose -p + 11 = 2*h + k*h, 4*h + 5*p = 7. Let x(j) = 5*j + 4. Is x(h) a composite number?
False
Let j = -4 - -6. Suppose -j*z - 70 = a - 235, 0 = 3*a + 2*z - 479. Is a composite?
False
Let k = -246 + 533. Is k a composite number?
True
Suppose -451 = -8*d + 1301. Is d composite?
True
Suppose 0 = -c + 6*c - 235. Is c composite?
False
Let n(p) = p**2 - p. Let k be n(-5). Suppose -f = k - 88. Is f composite?
True
Let b(c) = c - 1. Let m be b(1). Is m + -1 + (-76)/(-2) a prime number?
True
Let u be (17 - 18) + 3*1. Suppose 62 = 4*z - u*z. Is z composite?
False
Let o be (-4 - -7)*(-14)/(-6). Let j(a) = a**2 - 5*a - 1. Is j(o) composite?
False
Suppose u = -2 - 3. Let h be 2085/u*2/(-3). Suppose 4*a - h = -3*l - 29, -3*a - 386 = -5*l. Is l a composite number?
False
Let h = -7 - -564. Is h a prime number?
True
Let n(d) = -4*d + 27*d**2 + 7*d - 7*d + 2. Is n(3) composite?
False
Suppose n + 2*n = 3*i + 393, -234 = -2*n - 5*i. Is n a prime number?
True
Let c be 4*-6*(-125)/4. Suppose r + 3*r - c = -2*p, 4*r = -p + 367. Let a = p + -192. Is a a composite number?
False
Suppose -4*n - 4 = 3*k, 0 = -4*k + 5*n - 10*n - 6. Let l = k - -8. Suppose -o - l*p = -195, -3*p + 2*p = 2. Is o prime?
False
Let s be ((-3)/3)/(0 - -1). Suppose 5 = -5*k, 5*x - x = -4*k. Is (x/1 + -27)*s a composite number?
True
Let f(g) = 25*g - 13. Let m(d) = 6*d - 3. Let r(q) = -2*f(q) + 9*m(q). Let k be r(8). Let n = -12 + k. Is n a prime number?
True
Suppose t - 4*d = 35, -5*t + 2*d - 7*d = -250. Is t a composite number?
False
Suppose v + 49 = d, 2*d + 6*v - v - 84 = 0. Suppose -3*p - 4*a - d = 0, 5*p + 5*a = 3*a - 69. Let u = 44 - p. Is u composite?
True
Suppose -4*w - 90 + 1150 = 0. Is (0/3 + w)/1 a prime number?
False
Let d = 1183 + -174. Is d a prime number?
True
Let i be 5/(-15) + 22/3. Let j = 9 - i. Suppose 0 = j*o - 3*b - 32, -37 = -2*o - b + 3. Is o a prime number?
True
Let g(o) = o + 97. Is g(0) a prime number?
True
Let j = 510 + -272. Suppose -5*u + j = -327. Is u a composite number?
False
Suppose c = -m - 10, 9 = -3*c + 2*m - 1. Let d(j) = j**3 + 7*j**2 + 2*j + 10. Let l be d(-7). Is (0 + c/4)*l a composite number?
True
Suppose 0 = -i - 38 + 163. Suppose -2*h = -3*f + 79, -h + 3*h + i = 5*f. Is f a composite number?
False
Suppose 0*d = -a + 3*d + 18, 2*a - 1 = -d. Suppose -c = a - 14. Is c a prime number?
True
Let f(h) = -6*h - 5. Suppose -3*g - 13 = 2. Let r be f(g). Suppose -3*b = -r - 32. Is b a prime number?
True
Let j be 0/((2/1)/2). Let c = 7 - j. Let n = c - 0. Is n a prime number?
True
Let g be 1/(-1)*(-33 + 0). Suppose 0 = 3*a + 3*t - g, 46 = -0*a + 4*a + 3*t. Is a a composite number?
False
Suppose -5*f + 43 = -2. Suppose -y + 3 = -f. Let m = 11 + y. Is m a prime number?
True
Let w be 2539/3 + 16/24. Let z = -474 + w. Is z a prime number?
True
Let y be 7/(-1)*(-6)/(-7). Let h(k) = -k**2 - 13*k + 3. Let a be h(-13). Is 1*(-20)/y*a prime?
False
Let o(d) = 493*d**2 - 3*d - 1. Let g be o(-2). Suppose -3947 = -4*p + g. Is p composite?
False
Let r(j) = 1 + 5*j - 5*j + 17*j + 5*j. Is r(3) a prime number?
True
Let n be (6/9)/((-4)/(-78)). Let f = 68 - n. Is f prime?
False
Let r be (4/(-4))/((-2)/46). Let z = 10 + r. Is z prime?
False
Let o(l) = l + 4. Let m be o(-5). Let d(f) = -33*f**2 + 2*f + 1. Let h be d(m). Let j = h - -47. Is j a prime number?
True
Let q = 9 - -146. Is q a composite number?
True
Let p(n) = -2*n - 5*n - 18*n - 1 - 3*n. Is p(-4) composite?
True
Suppose 208 = 3*p - 3*y + 8*y, 0 = -5*y + 10. Let v = p + -35. Suppose -v = -4*n - 3*z